(9).
29
Let u(s) = -s**3 + 4*s**2 - 40*s + 108. Determine u(3).
-3
Let o(m) = 6*m**3 + 659*m**2 - 117*m - 774. Determine o(-110).
-4
Let v(b) = 459*b - 1349. Determine v(3).
28
Let f(k) = 645*k + 6438. Determine f(-10).
-12
Let u(x) = 3*x**2 - 1682*x - 13634. What is u(-8)?
14
Let n(u) = -u**2 - 23*u + 310. Determine n(17).
-370
Let a(r) = r**3 - 7*r**2 + 11*r - 1. Determine a(4).
-5
Let f(p) = -p**3 + 4*p**2 + 18*p - 61. What is f(7)?
-82
Let f(c) = -309*c + 15762. Determine f(51).
3
Let g(x) = x**3 - 29*x**2 + 19*x + 381. Determine g(28).
129
Let k(s) = 32*s**2 - 40*s + 1. Calculate k(1).
-7
Let y(i) = i**2 + 15*i - 18. Give y(-19).
58
Let p(i) = -i**3 + 20*i**2 + 76*i - 171. Give p(23).
-10
Let w(g) = -2*g**3 - 22*g**2 - 2*g + 6. Give w(-11).
28
Let t(h) = -4968*h + 4959. Determine t(1).
-9
Let d(c) = c**2 - 13*c - 896. Determine d(-24).
-8
Let f(q) = q**2 + 25*q + 140. Give f(-20).
40
Let t(m) = -4*m**2 - 339*m - 1019. Calculate t(-3).
-38
Let s(f) = f**3 + 60*f**2 + 78*f + 1128. Calculate s(-59).
7
Let r(q) = -q**3 - 3*q**2 + 30*q + 12. Give r(0).
12
Let a(v) = 54*v - 6269. Give a(116).
-5
Let l(x) = 2*x**3 + 15*x**2 - 43*x - 333. Calculate l(-5).
7
Let b(f) = 8*f**3 - f**2 + 36. What is b(-4)?
-492
Let v(c) = -c**3 - 3*c**2 + 17*c + 76. Give v(-4).
24
Let y(d) = d**3 + 2*d**2 + 5*d + 40. Determine y(-4).
-12
Let o(d) = 2*d**3 - 7*d**2 + 29*d - 107. Determine o(4).
25
Let r(l) = 6*l**2 - 4*l - 4. Calculate r(-6).
236
Let s(t) = -3*t - 214. Calculate s(-28).
-130
Let c(g) = 138*g - 1965. What is c(14)?
-33
Let l(j) = j**3 - 15*j**2 + 19*j - 50. Give l(15).
235
Let k(m) = 626*m**3 + 8*m**2 + 7*m - 1. Calculate k(-1).
-626
Let a(h) = -24644*h - 73939. Determine a(-3).
-7
Let t(d) = -2*d**3 - 132*d**2 - 27*d - 1871. Calculate t(-66).
-89
Let o(y) = 2*y - 46. Give o(-16).
-78
Let r(w) = 122*w - 20242. What is r(166)?
10
Let h(n) = -2*n**2 - 47*n - 9. Calculate h(-28).
-261
Let n(d) = 14*d + 34. Give n(3).
76
Let g(k) = -41*k + 91. What is g(5)?
-114
Let b(w) = w**3 + 190*w**2 + 4274*w + 1634. What is b(-164)?
-6
Let z(h) = 30*h + 254. Determine z(-11).
-76
Let q(h) = -h**3 - 3*h**2 + 33*h - 16. Give q(-8).
40
Let r(x) = 200*x - 1795. Determine r(9).
5
Let u(s) = -65*s**2 - 70*s + 233. Determine u(3).
-562
Let v(z) = -z**3 - 34*z**2 + 135*z - 181. Determine v(-38).
465
Let m(w) = w**3 - 4*w**2 - 44*w + 152. Determine m(3).
11
Let d(r) = -327*r - 10799. Calculate d(-33).
-8
Let i(f) = 17451*f + 139606. Calculate i(-8).
-2
Let z(p) = -p**3 + 2*p**2 + 14*p - 5. Calculate z(-7).
338
Let m(w) = -45*w - 1912. What is m(-46)?
158
Let l(m) = m**3 - 5*m**2 + 418. Calculate l(0).
418
Let v(j) = j**2 + 29*j - 1728. Give v(29).
-46
Let t(h) = 22*h - 2492. What is t(113)?
-6
Let j(u) = -4*u**2 - 95*u - 73. Determine j(-23).
-4
Let w(i) = -2*i**3 - 38*i**2 + 42*i + 39. What is w(-20)?
-1
Let i(z) = 3*z**2 + 146*z - 21. Calculate i(-49).
28
Let u(c) = c**3 - 5*c**2 + 25*c + 4. Determine u(8).
396
Let n(m) = -4*m**3 - 16*m**2 - 38*m - 146. What is n(-4)?
6
Let x(j) = -11*j + 109. Give x(21).
-122
Let k(j) = -52*j**2 + j + 12. Give k(2).
-194
Let p(n) = n**3 - 9*n**2 + 23*n - 20. Calculate p(5).
-5
Let k(x) = -16*x**3 + x**2 + 6*x + 6. Determine k(-1).
17
Let l(y) = y**3 + 2*y**2 - 3*y - 11. What is l(0)?
-11
Let l(f) = 70*f + 1183. Determine l(-17).
-7
Let y(s) = s**2 + 694*s - 9167. What is y(13)?
24
Let o(q) = q**2 - 296*q - 1202. Calculate o(-4).
-2
Let o(s) = 4294*s - 25768. Determine o(6).
-4
Let l(z) = -3*z**2 - 3*z + 221. What is l(8)?
5
Let r(u) = -4*u**2 + 43*u + 166. Determine r(-4).
-70
Let z(u) = -u**2 - 112*u + 12496. What is z(-181)?
7
Let c(l) = -2*l**3 - 17*l**2 - 94*l - 300. What is c(-5)?
-5
Let k(g) = -17*g**2 - 278*g - 87. Give k(-16).
9
Let b(x) = 2*x**2 - 199*x + 2051. Determine b(11).
104
Let q(y) = -y**3 - 4*y**2 + 8*y - 72. Determine q(-6).
-48
Let a(j) = -48*j - 956. Calculate a(-20).
4
Let x(n) = -17*n - 60. What is x(-10)?
110
Let o(z) = -119*z**3 - 447*z + 446. Determine o(1).
-120
Let l(r) = 5*r**3 - r - 6. Calculate l(3).
126
Let v(n) = -4*n**2 + 923*n - 7143. What is v(8)?
-15
Let v(a) = 3*a**2 - 85*a + 194. Determine v(26).
12
Let r(a) = a**3 + 4*a**2 - 24*a + 38. What is r(3)?
29
Let y(p) = p**2 - 77*p - 773. What is y(85)?
-93
Let j(q) = -q**2 - 88*q - 1571. Determine j(-25).
4
Let b(o) = 37378*o + 822310. Calculate b(-22).
-6
Let a(p) = 2*p**3 + 22*p**2 - 54*p - 200. Give a(-11).
394
Let q(c) = c**3 - 15*c**2 + 3*c - 47. Give q(15).
-2
Let h(z) = 3*z**2 - 139*z - 386. Calculate h(49).
6
Let c(p) = -1437*p - 10063. Calculate c(-7).
-4
Let a(c) = -c**2 + 306*c - 6520. Give a(23).
-11
Let j(a) = 2*a**2 - 121*a + 373. Give j(59).
196
Let d(q) = 178*q + 1053. Give d(-6).
-15
Let r(p) = -14*p**2 + 385*p + 181. What is r(28)?
-15
Let t(h) = -51*h - 1074. What is t(-21)?
-3
Let m(w) = -1291*w + 11461. What is m(9)?
-158
Let t(g) = g**3 - 10*g**2 - 17*g + 4. What is t(12)?
88
Let b(w) = 27*w**2 - 163*w - 2. Give b(6).
-8
Let t(m) = 33*m + 93. Determine t(-5).
-72
Let s(z) = 2*z**3 + 25*z**2 - 14*z + 64. Determine s(-13).
77
Let t(q) = q**2 + 163*q - 1179. Determine t(7).
11
Let l(k) = -4*k**3 - 142*k**2 - 452*k - 125. Calculate l(-32).
3
Let n(i) = -92*i - 618. Calculate n(-7).
26
Let t(s) = s**3 - 7*s**2 - 18*s + 142. Give t(6).
-2
Let u(x) = 422*x - 8110. What is u(19)?
-92
Let x(t) = 3*t**2 - 253*t + 284. What is x(83)?
-48
Let n(h) = 93*h - 69. What is n(1)?
24
Let w(z) = 27*z**2 + 586*z - 181. Calculate w(-22).
-5
Let l(f) = 229*f + 6997. Calculate l(-31).
-102
Let r(m) = 13*m - 933. What is r(26)?
-595
Let q(y) = 5*y**3 + 3*y**2 - 17*y - 68. What is q(-4)?
-272
Let b(p) = p**3 + 13*p**2 + 21*p + 39. Calculate b(-12).
-69
Let r(d) = -1643*d + 26292. Calculate r(16).
4
Let k(t) = -2*t**3 - 47*t**2 + 72*t - 77. Calculate k(-25).
-2
Let s(u) = u**3 + 35*u**2 - 74*u + 165. What is s(-37)?
165
Let q(i) = -10*i + 217. Calculate q(24).
-23
Let o(w) = 7*w - 328. What is o(62)?
106
Let t(o) = 6334*o + 19005. Calculate t(-3).
3
Let f(n) = n**3 + 15*n**2 - 163*n - 29. What is f(-22)?
169
Let y(s) = -s**2 - 6*s + 42. What is y(0)?
42
Let o(u) = -u**3 - 51*u**2 - 398*u - 2333. What is o(-43)?
-11
Let g(o) = o**3 - 23*o**2 + 86*o + 107. Give g(9).
-253
Let l(x) = -44*x**2 + 3389*x - 74. Determine l(77).
3
Let p(c) = c**3 - 19*c**2 - 55*c + 28. Give p(22).
270
Let f(u) = 8*u**2 - 85*u - 619. Determine f(-5).
6
Let v(d) = 6*d**2 + 55*d + 55. Determine v(-8).
-1
Let y(f) = f**2 + 24*f - 499. Determine y(-38).
33
Let w(u) = -u**2 + 73*u - 592. Calculate w(9).
-16
Let i(m) = 7*m**3 - 25*m**2 + 167*m - 479. Give i(3).
-14
Let r(n) = -19*n - 92. Determine r(-11).
117
Let z(w) = w**3 + 40*w**2 + 87*w + 465. Determine z(-38).
47
Let m(s) = -435*s + 16100. Calculate m(37).
5
Let z(v) = v**3 - 10*v**2 + 98*v - 1217. Calculate z(11).
-18
Let l(f) = f**3 - 7*f**2 - 1045*f - 26. Calculate l(-29).
3
Let l(w) = 76*w + 320. What is l(-4)?
16
Let h(z) = z**3 + 12*z**2 - 19*z + 20. Give h(-12).
248
Let a(y) = -22*y - 91. Give a(6).
-223
Let u(x) = 115*x + 3011. What is u(-26)?
21
Let r(a) = -6*a - 41. Calculate r(17).
-143
Let m(g) = -672*g + 408. Give m(1).
-264
Let b(p) = -p**2 + 38*p + 1035. Calculate b(62).
-453
Let t(f) = 270*f + 4041. Give t(-15).
-9
Let q(u) = -776*u - 3886. Determine q(-5).
-6
Let v(j) = -j**2 - 20*j + 714. Determine v(-40).
-86
Let p(w) = w**3 + 33*w**2 - 323*w - 31. Determine p(8).
9
Let q(f) = -f**3 + 23*f**2 + 63*f - 309. Give q(25).
16
Let d(w) = -20*w - 167. Calculate d(-8).
-7
Let d(b) = b**3 + 9*b**2 - 2*b + 43. Determine d(-10).
-37
Let z(l) = 28*l - 1239. Calculate z(0).
-1239
Let q(p) = -2*p**3 - 17*p**2 - 2*p + 47. Calculate q(-8).
-1
Let j(a) = a**2 + 250*a + 2416. Determine j(-10).
16
Let v(d) = 4*d**3 - 69*d**2 + 17*d + 36. Calculate v(17).
36
Let h(g) = -2*g**2 - 196*g - 928. Determine h(-5).
2
Let s(j) = -280*j + 36940. What is s(132)?
-20
Let b(p) = -p**3 - 11*p**2 + 326*p + 3360. Give b(-10).
0
Let n(g) = 6*g**2 - 9*g + 9. What is n(-6)?
279
Let k(c) = -62*c - 12824. Determine k(-207).
10
Let l(j) = 3*j**3 - 50*j - 4. Give l(-4).
4
Let l(g) = g**2 - 28*g - 1650. Determine l(-29).
3
Let c(t) = -2*t**2 - 2*t + 32. What is c(0)?
32
Let q(k) = -k**3 + 23*k**2 + 205*k - 30. What is q(-7)?
5
Let t(x) = -3*x**3 - x**2 -